{"id":40,"date":"2018-12-13T02:12:15","date_gmt":"2018-12-13T01:12:15","guid":{"rendered":"http:\/\/educaenelfuturo.com\/?page_id=40"},"modified":"2021-08-09T19:59:13","modified_gmt":"2021-08-09T17:59:13","slug":"h5p","status":"publish","type":"page","link":"https:\/\/educaenelfuturo.com\/index.php\/h5p\/","title":{"rendered":"H5P"},"content":{"rendered":"\n<h2 class=\"wp-block-heading\">H5P desde cero hasta crear tus propios v\u00eddeos interactivos, GRATIS!!<\/h2>\n\n\n\n<p>El primer v\u00eddeo es introductorio y ayuda a comprender :<\/p>\n\n\n\n<ul class=\"wp-block-list\"><li>\u00bfQu\u00e9 es H5P?<\/li><li>\u00bfPara qu\u00e9 sirve?<\/li><li>\u00bfPor qu\u00e9 los profesores adoran esta herramienta?<\/li><li>Muestra un ejemplo de uso.<\/li><li>Explica como crear un ejemplo de ejercicio.<\/li><\/ul>\n\n\n\n<figure class=\"wp-block-embed is-type-video is-provider-youtube wp-block-embed-youtube wp-embed-aspect-16-9 wp-has-aspect-ratio\"><div class=\"wp-block-embed__wrapper\">\n<iframe loading=\"lazy\" title=\"H5P 1\/3  V\u00eddeo tutorial H5P. Herramienta de creaci\u00f3n de contenido interactivo educativo en html5.\" width=\"780\" height=\"439\" src=\"https:\/\/www.youtube.com\/embed\/W2Ebli6e0O4?feature=oembed\" frameborder=\"0\" allow=\"accelerometer; autoplay; clipboard-write; encrypted-media; gyroscope; picture-in-picture\" allowfullscreen><\/iframe>\n<\/div><\/figure>\n\n\n\n<p>\u00bfTe ha gustado? Ten paciencia en breve publicaremos m\u00e1s y m\u00e1s v\u00eddeos con la intenci\u00f3n de tener un curso completo. Explicaremos trucos y todos tipos de ejercicios que son muchos. Pero esto no se queda as\u00ed, porque al ser una herramienta de c\u00f3digo abierto la comunidad crea nuevos tipos de ejercicios. Por tanto haz tus peticiones directamente o env\u00edame un correo para hacer llegar nuevas ideas a la comunidad H5P.<\/p>\n\n\n\n<h3 class=\"wp-block-heading\">Timeline \/ Calendario de eventos<\/h3>\n\n\n\n<figure class=\"wp-block-embed is-type-video is-provider-youtube wp-block-embed-youtube wp-embed-aspect-16-9 wp-has-aspect-ratio\"><div class=\"wp-block-embed__wrapper\">\n<iframe loading=\"lazy\" title=\"H5P 2\/3 Timeline Ivan Otero\" width=\"780\" height=\"439\" src=\"https:\/\/www.youtube.com\/embed\/iyfN5tlhJY0?feature=oembed\" frameborder=\"0\" allow=\"accelerometer; autoplay; clipboard-write; encrypted-media; gyroscope; picture-in-picture\" allowfullscreen><\/iframe>\n<\/div><\/figure>\n\n\n\n<p>En este v\u00eddeo explicamos la utilidad del tipo de ejercicio timelime, mostramos un ejemplo. Tambi\u00e9n explico como crear nuestro propio timeline. Es muy sencillo. Tanto seas docente como no es un juego de ni\u00f1os. Y es gratis!!!<\/p>\n\n\n\n<p><\/p>\n\n\n\n<p>En este v\u00eddeo explicamos la utilidad del tour virtual, para ello la imagen vale m\u00e1s que mil palabras y este es un ejemplo. Explico como crear nuestro propio tour virtual. Y que comience el show!!!!<\/p>\n\n\n\n<figure class=\"wp-block-embed is-type-video is-provider-youtube wp-block-embed-youtube wp-embed-aspect-16-9 wp-has-aspect-ratio\"><div class=\"wp-block-embed__wrapper\">\n<iframe loading=\"lazy\" title=\"H5P 3\/3 Tour Virtual 360\u00ba Iv\u00e1n Otero\" width=\"780\" height=\"439\" src=\"https:\/\/www.youtube.com\/embed\/a13DGbrRRp0?feature=oembed\" frameborder=\"0\" allow=\"accelerometer; autoplay; clipboard-write; encrypted-media; gyroscope; picture-in-picture\" allowfullscreen><\/iframe>\n<\/div><\/figure>\n\n\n\n<p>\u00bfQuieres m\u00e1s v\u00eddeos o tienes dudas concretas? No dudes en plantear tus comentarios, pero muy importante apoya estos tutoriales con su subscripci\u00f3n o tus likes.<\/p>\n","protected":false},"excerpt":{"rendered":"<p>H5P desde cero hasta crear tus propios v\u00eddeos interactivos, GRATIS!! El primer v\u00eddeo es introductorio y ayuda a comprender : \u00bfQu\u00e9 es H5P? \u00bfPara qu\u00e9 sirve? \u00bfPor qu\u00e9 los profesores adoran esta herramienta? Muestra un ejemplo de uso. Explica como crear un ejemplo de ejercicio. \u00bfTe ha gustado? Ten paciencia en breve publicaremos m\u00e1s y <a class=\"more-link\" href=\"https:\/\/educaenelfuturo.com\/index.php\/h5p\/\">Leer m\u00e1s &#8230;<\/a><\/p>\n","protected":false},"author":1,"featured_media":0,"parent":0,"menu_order":0,"comment_status":"closed","ping_status":"closed","template":"","meta":{"_exactmetrics_skip_tracking":false,"_exactmetrics_sitenote_active":false,"_exactmetrics_sitenote_note":"","_exactmetrics_sitenote_category":0,"footnotes":""},"class_list":["post-40","page","type-page","status-publish","hentry"],"aioseo_notices":[],"_links":{"self":[{"href":"https:\/\/educaenelfuturo.com\/index.php\/wp-json\/wp\/v2\/pages\/40","targetHints":{"allow":["GET"]}}],"collection":[{"href":"https:\/\/educaenelfuturo.com\/index.php\/wp-json\/wp\/v2\/pages"}],"about":[{"href":"https:\/\/educaenelfuturo.com\/index.php\/wp-json\/wp\/v2\/types\/page"}],"author":[{"embeddable":true,"href":"https:\/\/educaenelfuturo.com\/index.php\/wp-json\/wp\/v2\/users\/1"}],"replies":[{"embeddable":true,"href":"https:\/\/educaenelfuturo.com\/index.php\/wp-json\/wp\/v2\/comments?post=40"}],"version-history":[{"count":8,"href":"https:\/\/educaenelfuturo.com\/index.php\/wp-json\/wp\/v2\/pages\/40\/revisions"}],"predecessor-version":[{"id":657,"href":"https:\/\/educaenelfuturo.com\/index.php\/wp-json\/wp\/v2\/pages\/40\/revisions\/657"}],"wp:attachment":[{"href":"https:\/\/educaenelfuturo.com\/index.php\/wp-json\/wp\/v2\/media?parent=40"}],"curies":[{"name":"wp","href":"https:\/\/api.w.org\/{rel}","templated":true}]}}